 247 is divided by 42.
37
Calculate the remainder when 135 is divided by 17.
16
What is the remainder when 4707 is divided by 1569?
0
What is the remainder when 1448 is divided by 707?
34
Calculate the remainder when 739 is divided by 39.
37
What is the remainder when 520 is divided by 7?
2
Calculate the remainder when 81 is divided by 6.
3
Calculate the remainder when 14909 is divided by 32.
29
What is the remainder when 190 is divided by 42?
22
What is the remainder when 748 is divided by 108?
100
What is the remainder when 99 is divided by 32?
3
Calculate the remainder when 1759 is divided by 16.
15
What is the remainder when 14242 is divided by 11?
8
Calculate the remainder when 900 is divided by 178.
10
Calculate the remainder when 153 is divided by 16.
9
What is the remainder when 724 is divided by 692?
32
What is the remainder when 4893 is divided by 12?
9
What is the remainder when 224 is divided by 73?
5
Calculate the remainder when 325 is divided by 63.
10
What is the remainder when 484 is divided by 163?
158
Calculate the remainder when 47 is divided by 27.
20
Calculate the remainder when 77 is divided by 14.
7
What is the remainder when 171 is divided by 56?
3
Calculate the remainder when 607 is divided by 323.
284
Calculate the remainder when 1586 is divided by 88.
2
Calculate the remainder when 198 is divided by 17.
11
What is the remainder when 198 is divided by 40?
38
Calculate the remainder when 322 is divided by 27.
25
What is the remainder when 148 is divided by 93?
55
What is the remainder when 122 is divided by 8?
2
Calculate the remainder when 198 is divided by 7.
2
What is the remainder when 163 is divided by 21?
16
What is the remainder when 433 is divided by 31?
30
What is the remainder when 8044 is divided by 13?
10
Calculate the remainder when 5457 is divided by 52.
49
Calculate the remainder when 2991 is divided by 1492.
7
What is the remainder when 2213 is divided by 551?
9
Calculate the remainder when 2217 is divided by 15.
12
Calculate the remainder when 841 is divided by 25.
16
What is the remainder when 198 is divided by 101?
97
What is the remainder when 71 is divided by 41?
30
What is the remainder when 160 is divided by 90?
70
Calculate the remainder when 235 is divided by 46.
5
What is the remainder when 299 is divided by 77?
68
Calculate the remainder when 50 is divided by 25.
0
What is the remainder when 1370 is divided by 98?
96
What is the remainder when 894 is divided by 36?
30
Calculate the remainder when 80 is divided by 44.
36
Calculate the remainder when 210 is divided by 205.
5
Calculate the remainder when 175 is divided by 146.
29
Calculate the remainder when 266 is divided by 77.
35
What is the remainder when 237 is divided by 47?
2
What is the remainder when 287 is divided by 9?
8
Calculate the remainder when 269 is divided by 15.
14
What is the remainder when 257 is divided by 6?
5
What is the remainder when 684 is divided by 341?
2
Calculate the remainder when 70 is divided by 17.
2
Calculate the remainder when 403 is divided by 27.
25
Calculate the remainder when 249 is divided by 50.
49
What is the remainder when 46 is divided by 22?
2
What is the remainder when 593 is divided by 50?
43
What is the remainder when 6621 is divided by 22?
21
What is the remainder when 5738 is divided by 35?
33
Calculate the remainder when 711 is divided by 31.
29
What is the remainder when 853 is divided by 19?
17
What is the remainder when 1131 is divided by 76?
67
What is the remainder when 10666 is divided by 368?
362
Calculate the remainder when 257 is divided by 84.
5
What is the remainder when 20 is divided by 14?
6
Calculate the remainder when 129 is divided by 33.
30
Calculate the remainder when 216 is divided by 114.
102
What is the remainder when 429 is divided by 24?
21
What is the remainder when 618 is divided by 156?
150
What is the remainder when 40 is divided by 3?
1
Calculate the remainder when 53267 is divided by 23.
22
What is the remainder when 990 is divided by 124?
122
What is the remainder when 7380 is divided by 107?
104
Calculate the remainder when 785 is divided by 39.
5
Calculate the remainder when 151 is divided by 95.
56
Calculate the remainder when 1015 is divided by 9.
7
What is the remainder when 187 is divided by 32?
27
What is the remainder when 578 is divided by 575?
3
What is the remainder when 9383 is divided by 16?
7
Calculate the remainder when 177 is divided by 4.
1
Calculate the remainder when 16796 is divided by 300.
296
Calculate the remainder when 132 is divided by 112.
20
What is the remainder when 416 is divided by 3?
2
What is the remainder when 492 is divided by 168?
156
What is the remainder when 20569 is divided by 37?
34
Calculate the remainder when 127 is divided by 38.
13
Calculate the remainder when 179 is divided by 50.
29
Calculate the remainder when 537 is divided by 537.
0
Calculate the remainder when 71 is divided by 15.
11
Calculate the remainder when 8611 is divided by 157.
133
Calculate the remainder when 348 is divided by 333.
15
What is the remainder when 581 is divided by 120?
101
What is the remainder when 134 is divided by 124?
10
What is the remainder when 34 is divided by 7?
6
What is the remainder when 198 is divided by 8?
6
Calculate the remainder when 48 is divided by 13.
9
What is the remainder when 258 is divided by 7?
6
What is the remainder when 648 is divided by 133?
116
What is the remainder when 228 is divided by 85?
58
Calculate the remainder when 1125 is divided by 546.
33
Calculate the remainder when 677 is divided by 97.
95
Calculate the remainder when 14013 is divided by 12.
9
Calculate the remainder when 497 is divided by 46.
37
What is the remainder when 932 is divided by 36?
32
What is the remainder when 34 is divided by 9?
7
What is the remainder when 110 is divided by 30?
20
Calculate the remainder when 2478 is divided by 16.
14
What is the remainder when 5190 is divided by 237?
213
What is the remainder when 2696 is divided by 12?
8
Calculate the remainder when 3644 is divided by 58.
48
What is the remainder when 382 is divided by 77?
74
Calculate the remainder when 1923 is divided by 74.
73
What is the remainder when 113 is divided by 6?
5
What is the remainder when 333 is divided by 16?
13
What is the remainder when 1559 is divided by 3?
2
What is the remainder when 2507 is divided by 64?
11
Calculate the remainder when 182 is divided by 19.
11
What is the remainder when 39 is divided by 6?
3
Calculate the remainder when 4703 is divided by 98.
97
What is the remainder when 195 is divided by 50?
45
What is the remainder when 73 is divided by 24?
1
What is the remainder when 1079 is divided by 54?
53
What is the remainder when 16 is divided by 11?
5
What is the remainder when 46 is divided by 14?
4
Calculate the remainder when 42 is divided by 7.
0
Calculate the remainder when 92 is divided by 19.
16
Calculate the remainder when 1209 is divided by 334.
207
What is the remainder when 5575 is divided by 34?
33
What is the remainder when 531 is divided by 8?
3
Calculate the remainder when 3399 is divided by 847.
11
What is the remainder when 274 is divided by 28?
22
What is the remainder when 492 is divided by 45?
42
What is the remainder when 5231 is divided by 187?
182
Calculate the remainder when 606 is divided by 30.
6
Calculate the remainder when 1262 is divided by 75.
62
What is the remainder when 252 is divided by 37?
30
Calculate the remainder when 63 is divided by 11.
8
Calculate the remainder when 177 is divided by 45.
42
Calculate the remainder when 272 is divided by 78.
38
What is the remainder when 1684 is divided by 141?
133
Calculate the remainder when 249 is divided by 2.
1
Calculate the remainder when 17022 is divided by 128.
126
Calculate the remainder when 167 is divided by 42.
41
Calculate the remainder when 715 is divided by 24.
19
What is the remainder when 1641 is divided by 61?
55
What is the remainder when 1870 is divided by 52?
50
Calculate the remainder when 2777 is divided by 174.
167
Calculate the remainder when 2874 is divided by 25.
24
What is the remainder when 48 is divided by 13?
9
Calculate the remainder when 154 is divided by 78.
76
What is the remainder when 1671 is divided by 13?
7
W